{"id":2,"date":"2025-12-29T22:51:27","date_gmt":"2025-12-29T22:51:27","guid":{"rendered":"http:\/\/jackjfoleys.com\/?page_id=2"},"modified":"2026-01-11T06:28:11","modified_gmt":"2026-01-11T06:28:11","slug":"home","status":"publish","type":"page","link":"https:\/\/jackjfoleys.com\/","title":{"rendered":""},"content":{"rendered":"\n<div class=\"wp-block-cover alignfull is-light has-parallax\" style=\"min-height:100vh;aspect-ratio:unset;\"><div class=\"wp-block-cover__image-background wp-image-26 size-large has-parallax\" style=\"background-position:50% 50%;background-image:url(https:\/\/jackjfoleys.com\/wp-content\/uploads\/2025\/12\/cropped-cropped-6E34F451-9693-48DA-9283-097D8C57D57B-1024x940.jpeg)\"><\/div><span aria-hidden=\"true\" class=\"wp-block-cover__background has-background-dim\" style=\"background-color:#8b8a8f\"><\/span><div class=\"wp-block-cover__inner-container is-layout-flow wp-block-cover-is-layout-flow\">\n<p class=\"has-text-align-center has-white-color has-text-color\" style=\"font-size:clamp(37.821px, 2.364rem + ((1vw - 3.2px) * 2.848), 70px);font-style:normal;font-weight:900\"><strong>The Iconic 1 Eyre Square&nbsp; &nbsp; &nbsp;Reimagined<\/strong><\/p>\n\n\n\n<p>&nbsp; &nbsp; &nbsp;<\/p>\n\n\n\n<p class=\"has-text-align-center has-white-color has-text-color has-medium-font-size\" style=\"letter-spacing:1px\"><strong>Renovated and opened in 2025, Jack J Foleys is a classic Irish Pub with a 200 year old history right in the heart of Galway. Nestled right on the edge of Eyre Square in the center of town, you can&#8217;t miss us. Cozy up to the bar for a Guinness as live music and craic fills the air.<\/strong><\/p>\n\n\n\n<div class=\"wp-block-buttons is-content-justification-center is-layout-flex wp-container-core-buttons-is-layout-a89b3969 wp-block-buttons-is-layout-flex\">\n<div class=\"wp-block-button is-style-outline is-style-outline--1\"><a class=\"wp-block-button__link has-white-color has-text-color wp-element-button\" href=\"#\" style=\"border-radius:0px\">ABOUT US<\/a><\/div>\n<\/div>\n<\/div><\/div>\n\n\n\n<div class=\"wp-block-group alignfull is-layout-flow wp-container-core-group-is-layout-c4d5c1b7 wp-block-group-is-layout-flow\" id=\"cover\" style=\"margin-top:0px;margin-bottom:0px\">\n<div class=\"wp-block-cover aligncenter\" style=\"min-height:549px;aspect-ratio:unset;\"><img loading=\"lazy\" decoding=\"async\" width=\"768\" height=\"1024\" class=\"wp-block-cover__image-background wp-image-95 size-large\" alt=\"\" src=\"https:\/\/jackjfoleys.com\/wp-content\/uploads\/2026\/01\/F670C6AB-AA62-46CF-AFC4-79D4713955B2-768x1024.jpeg\" data-object-fit=\"cover\" srcset=\"https:\/\/jackjfoleys.com\/wp-content\/uploads\/2026\/01\/F670C6AB-AA62-46CF-AFC4-79D4713955B2-768x1024.jpeg 768w, https:\/\/jackjfoleys.com\/wp-content\/uploads\/2026\/01\/F670C6AB-AA62-46CF-AFC4-79D4713955B2-225x300.jpeg 225w, https:\/\/jackjfoleys.com\/wp-content\/uploads\/2026\/01\/F670C6AB-AA62-46CF-AFC4-79D4713955B2-9x12.jpeg 9w, https:\/\/jackjfoleys.com\/wp-content\/uploads\/2026\/01\/F670C6AB-AA62-46CF-AFC4-79D4713955B2.jpeg 1200w\" sizes=\"auto, (max-width: 768px) 100vw, 768px\" \/><span aria-hidden=\"true\" class=\"wp-block-cover__background has-black-background-color has-background-dim\"><\/span><div class=\"wp-block-cover__inner-container has-global-padding is-layout-constrained wp-block-cover-is-layout-constrained\">\n<div class=\"wp-block-group has-global-padding is-layout-constrained wp-container-core-group-is-layout-4383d167 wp-block-group-is-layout-constrained\">\n<h2 class=\"wp-block-heading has-text-align-right has-white-color has-text-color has-large-font-size\"><strong>N\u00edl aon tinte\u00e1n mar do thinte\u00e1n f\u00e9in<\/strong><\/h2>\n\n\n\n<p class=\"has-text-align-right\">The Irish saying for <strong>\u201cthere\u2019s no place like home\u201d<\/strong>. And that\u2019s exactly how we want our customers to feel as they arrive through the doors at Jack J Foleys.<\/p>\n\n\n\n<p class=\"has-text-align-right\">Warm up by the fireplace with a whiskey, tuck into a snug for a quiet pint, or post up at the bar for a good chat with our friendly staff. On Thursday nights and weekends, join us for one of our lively events or host your own with friends, family, or colleagues.<\/p>\n\n\n\n<p class=\"has-text-align-right\">Whatever brings you through our doors, a warm family welcome awaits you. You\u2019ll enter a stranger and leave a friend.<\/p>\n\n\n\n<div style=\"height:31px\" aria-hidden=\"true\" class=\"wp-block-spacer\"><\/div>\n<\/div>\n<\/div><\/div>\n<\/div>\n\n\n\n<div class=\"wp-block-group alignfull is-layout-flow wp-container-core-group-is-layout-c4d5c1b7 wp-block-group-is-layout-flow\" id=\"cover\" style=\"margin-top:0px;margin-bottom:0px\">\n<div class=\"wp-block-cover aligncenter\" style=\"min-height:549px;aspect-ratio:unset;\"><img loading=\"lazy\" decoding=\"async\" width=\"768\" height=\"1024\" class=\"wp-block-cover__image-background wp-image-87 size-large\" alt=\"\" src=\"https:\/\/jackjfoleys.com\/wp-content\/uploads\/2026\/01\/5718781D-6C7D-4B38-923B-9580039E5973-768x1024.jpeg\" data-object-fit=\"cover\" srcset=\"https:\/\/jackjfoleys.com\/wp-content\/uploads\/2026\/01\/5718781D-6C7D-4B38-923B-9580039E5973-768x1024.jpeg 768w, https:\/\/jackjfoleys.com\/wp-content\/uploads\/2026\/01\/5718781D-6C7D-4B38-923B-9580039E5973-225x300.jpeg 225w, https:\/\/jackjfoleys.com\/wp-content\/uploads\/2026\/01\/5718781D-6C7D-4B38-923B-9580039E5973-9x12.jpeg 9w, https:\/\/jackjfoleys.com\/wp-content\/uploads\/2026\/01\/5718781D-6C7D-4B38-923B-9580039E5973.jpeg 1200w\" sizes=\"auto, (max-width: 768px) 100vw, 768px\" \/><span aria-hidden=\"true\" class=\"wp-block-cover__background has-black-background-color has-background-dim\"><\/span><div class=\"wp-block-cover__inner-container has-global-padding is-layout-constrained wp-block-cover-is-layout-constrained\">\n<div class=\"wp-block-group has-global-padding is-layout-constrained wp-container-core-group-is-layout-4383d167 wp-block-group-is-layout-constrained\">\n<h2 class=\"wp-block-heading has-white-color has-text-color has-large-font-size\">Stay with us in The Draper Rooms<\/h2>\n\n\n\n<p>Above the bar, our hotel, The Draper Rooms, has accommodations for guests to stay just minutes from all the greatest Galway has to offer.<\/p>\n\n\n\n<div style=\"height:31px\" aria-hidden=\"true\" class=\"wp-block-spacer\"><\/div>\n\n\n\n<div class=\"wp-block-buttons is-layout-flex wp-block-buttons-is-layout-flex\">\n<div class=\"wp-block-button is-style-fill\"><a class=\"wp-block-button__link has-secondary-background-color has-background wp-element-button\" href=\"https:\/\/jackjfoleys.com\/?page_id=14\" style=\"border-radius:0px;text-transform:uppercase\">The Draper Rooms<\/a><\/div>\n\n\n\n<div class=\"wp-block-button is-style-outline is-style-outline--2\"><a class=\"wp-block-button__link wp-element-button\" style=\"border-radius:0px;text-transform:uppercase\">Book a stay<\/a><\/div>\n<\/div>\n<\/div>\n<\/div><\/div>\n<\/div>\n\n\n\n<div class=\"wp-block-group alignfull is-layout-flow wp-container-core-group-is-layout-c4d5c1b7 wp-block-group-is-layout-flow\" id=\"cover\" style=\"margin-top:0px;margin-bottom:0px\">\n<div class=\"wp-block-cover aligncenter\" style=\"min-height:549px;aspect-ratio:unset;\"><img loading=\"lazy\" decoding=\"async\" width=\"1898\" height=\"1422\" class=\"wp-block-cover__image-background wp-image-122 size-full\" alt=\"\" src=\"https:\/\/jackjfoleys.com\/wp-content\/uploads\/2026\/01\/Screen-Shot-2026-01-10-at-9.57.38-PM.png\" data-object-fit=\"cover\" srcset=\"https:\/\/jackjfoleys.com\/wp-content\/uploads\/2026\/01\/Screen-Shot-2026-01-10-at-9.57.38-PM.png 1898w, https:\/\/jackjfoleys.com\/wp-content\/uploads\/2026\/01\/Screen-Shot-2026-01-10-at-9.57.38-PM-300x225.png 300w, https:\/\/jackjfoleys.com\/wp-content\/uploads\/2026\/01\/Screen-Shot-2026-01-10-at-9.57.38-PM-1024x767.png 1024w, https:\/\/jackjfoleys.com\/wp-content\/uploads\/2026\/01\/Screen-Shot-2026-01-10-at-9.57.38-PM-16x12.png 16w\" sizes=\"auto, (max-width: 1898px) 100vw, 1898px\" \/><span aria-hidden=\"true\" class=\"wp-block-cover__background has-black-background-color has-background-dim\"><\/span><div class=\"wp-block-cover__inner-container has-global-padding is-layout-constrained wp-block-cover-is-layout-constrained\">\n<div class=\"wp-block-group has-global-padding is-layout-constrained wp-container-core-group-is-layout-4383d167 wp-block-group-is-layout-constrained\">\n<h2 class=\"wp-block-heading has-text-align-right has-white-color has-text-color has-large-font-size\">The Whiskey Room<\/h2>\n\n\n\n<p class=\"has-text-align-right\">                                           On the second floor, the Whiskey Room offers an expanded whiskey selection, a viewing screen for the big game, and expansive views of Eyre Square. With room for 50+, we&#8217;re happy to host your next event.  <\/p>\n\n\n\n<div style=\"height:31px\" aria-hidden=\"true\" class=\"wp-block-spacer\"><\/div>\n\n\n\n<div class=\"wp-block-buttons is-content-justification-right is-layout-flex wp-container-core-buttons-is-layout-d445cf74 wp-block-buttons-is-layout-flex\">\n<div class=\"wp-block-button is-style-fill\"><a class=\"wp-block-button__link has-secondary-background-color has-background wp-element-button\" style=\"border-radius:0px;text-transform:uppercase\">Book your private event<\/a><\/div>\n<\/div>\n<\/div>\n<\/div><\/div>\n<\/div>\n\n\n\n<div class=\"wp-block-group has-global-padding is-layout-constrained wp-block-group-is-layout-constrained\">\n<div class=\"wp-block-group alignfull is-layout-flow wp-container-core-group-is-layout-c4d5c1b7 wp-block-group-is-layout-flow\" id=\"cover\" style=\"margin-top:0px;margin-bottom:0px\">\n<div class=\"wp-block-cover aligncenter\" style=\"min-height:549px;aspect-ratio:unset;\"><img loading=\"lazy\" decoding=\"async\" width=\"1024\" height=\"768\" class=\"wp-block-cover__image-background wp-image-117 size-full\" alt=\"\" src=\"https:\/\/jackjfoleys.com\/wp-content\/uploads\/2026\/01\/9646FCA0-8CC9-4B5C-B8DF-38DD54E65CC7_1_105_c.jpeg\" data-object-fit=\"cover\" srcset=\"https:\/\/jackjfoleys.com\/wp-content\/uploads\/2026\/01\/9646FCA0-8CC9-4B5C-B8DF-38DD54E65CC7_1_105_c.jpeg 1024w, https:\/\/jackjfoleys.com\/wp-content\/uploads\/2026\/01\/9646FCA0-8CC9-4B5C-B8DF-38DD54E65CC7_1_105_c-300x225.jpeg 300w, https:\/\/jackjfoleys.com\/wp-content\/uploads\/2026\/01\/9646FCA0-8CC9-4B5C-B8DF-38DD54E65CC7_1_105_c-16x12.jpeg 16w\" sizes=\"auto, (max-width: 1024px) 100vw, 1024px\" \/><span aria-hidden=\"true\" class=\"wp-block-cover__background has-black-background-color has-background-dim\"><\/span><div class=\"wp-block-cover__inner-container has-global-padding is-layout-constrained wp-block-cover-is-layout-constrained\">\n<div class=\"wp-block-group has-global-padding is-layout-constrained wp-container-core-group-is-layout-4383d167 wp-block-group-is-layout-constrained\">\n<h2 class=\"wp-block-heading has-text-align-center has-white-color has-text-color has-large-font-size\"><strong>Live Music 7<\/strong> Days a Week<\/h2>\n\n\n\n<p class=\"has-text-align-center\">Cozy up to the bar for craic and music every night of the year<\/p>\n\n\n\n<div style=\"height:31px\" aria-hidden=\"true\" class=\"wp-block-spacer\"><\/div>\n<\/div>\n<\/div><\/div>\n<\/div>\n\n\n\n<div class=\"wp-block-columns are-vertically-aligned-center is-layout-flex wp-container-core-columns-is-layout-28f84493 wp-block-columns-is-layout-flex\">\n<div class=\"wp-block-column is-vertically-aligned-center is-layout-flow wp-block-column-is-layout-flow\">\n<h2 class=\"wp-block-heading has-large-font-size\" style=\"font-style:normal;font-weight:700\">Contact us<\/h2>\n\n\n\n<div class=\"wp-block-group has-global-padding is-layout-constrained wp-block-group-is-layout-constrained\">\n<p style=\"font-size:clamp(0.875em, 0.875rem + ((1vw - 0.2em) * 0.319), 1.1em);\">1 Eyre Square, Galway, H91 ED70, Ireland<\/p>\n<\/div>\n\n\n\n<p style=\"font-size:clamp(0.875em, 0.875rem + ((1vw - 0.2em) * 0.319), 1.1em);\">Phone: +12345678900<br>Email: <a href=\"mailto:example@example.com\">example@exa<\/a><a href=\"mailto:oconnorw250@gmail.com\">mple.com<\/a><\/p>\n\n\n\n<ul class=\"wp-block-social-links has-icon-color is-style-logos-only is-layout-flex wp-block-social-links-is-layout-flex\"><li style=\"color:#000000;\" class=\"wp-social-link wp-social-link-facebook has-black-color wp-block-social-link\"><a href=\"https:\/\/facebook.com\/\" class=\"wp-block-social-link-anchor\"><svg width=\"24\" height=\"24\" viewBox=\"0 0 24 24\" version=\"1.1\" xmlns=\"http:\/\/www.w3.org\/2000\/svg\" aria-hidden=\"true\" focusable=\"false\"><path d=\"M12 2C6.5 2 2 6.5 2 12c0 5 3.7 9.1 8.4 9.9v-7H7.9V12h2.5V9.8c0-2.5 1.5-3.9 3.8-3.9 1.1 0 2.2.2 2.2.2v2.5h-1.3c-1.2 0-1.6.8-1.6 1.6V12h2.8l-.4 2.9h-2.3v7C18.3 21.1 22 17 22 12c0-5.5-4.5-10-10-10z\"><\/path><\/svg><span class=\"wp-block-social-link-label screen-reader-text\">Facebook<\/span><\/a><\/li>\n\n<li style=\"color:#000000;\" class=\"wp-social-link wp-social-link-instagram has-black-color wp-block-social-link\"><a href=\"https:\/\/instagram.com\" class=\"wp-block-social-link-anchor\"><svg width=\"24\" height=\"24\" viewBox=\"0 0 24 24\" version=\"1.1\" xmlns=\"http:\/\/www.w3.org\/2000\/svg\" aria-hidden=\"true\" focusable=\"false\"><path d=\"M12,4.622c2.403,0,2.688,0.009,3.637,0.052c0.877,0.04,1.354,0.187,1.671,0.31c0.42,0.163,0.72,0.358,1.035,0.673 c0.315,0.315,0.51,0.615,0.673,1.035c0.123,0.317,0.27,0.794,0.31,1.671c0.043,0.949,0.052,1.234,0.052,3.637 s-0.009,2.688-0.052,3.637c-0.04,0.877-0.187,1.354-0.31,1.671c-0.163,0.42-0.358,0.72-0.673,1.035 c-0.315,0.315-0.615,0.51-1.035,0.673c-0.317,0.123-0.794,0.27-1.671,0.31c-0.949,0.043-1.233,0.052-3.637,0.052 s-2.688-0.009-3.637-0.052c-0.877-0.04-1.354-0.187-1.671-0.31c-0.42-0.163-0.72-0.358-1.035-0.673 c-0.315-0.315-0.51-0.615-0.673-1.035c-0.123-0.317-0.27-0.794-0.31-1.671C4.631,14.688,4.622,14.403,4.622,12 s0.009-2.688,0.052-3.637c0.04-0.877,0.187-1.354,0.31-1.671c0.163-0.42,0.358-0.72,0.673-1.035 c0.315-0.315,0.615-0.51,1.035-0.673c0.317-0.123,0.794-0.27,1.671-0.31C9.312,4.631,9.597,4.622,12,4.622 M12,3 C9.556,3,9.249,3.01,8.289,3.054C7.331,3.098,6.677,3.25,6.105,3.472C5.513,3.702,5.011,4.01,4.511,4.511 c-0.5,0.5-0.808,1.002-1.038,1.594C3.25,6.677,3.098,7.331,3.054,8.289C3.01,9.249,3,9.556,3,12c0,2.444,0.01,2.751,0.054,3.711 c0.044,0.958,0.196,1.612,0.418,2.185c0.23,0.592,0.538,1.094,1.038,1.594c0.5,0.5,1.002,0.808,1.594,1.038 c0.572,0.222,1.227,0.375,2.185,0.418C9.249,20.99,9.556,21,12,21s2.751-0.01,3.711-0.054c0.958-0.044,1.612-0.196,2.185-0.418 c0.592-0.23,1.094-0.538,1.594-1.038c0.5-0.5,0.808-1.002,1.038-1.594c0.222-0.572,0.375-1.227,0.418-2.185 C20.99,14.751,21,14.444,21,12s-0.01-2.751-0.054-3.711c-0.044-0.958-0.196-1.612-0.418-2.185c-0.23-0.592-0.538-1.094-1.038-1.594 c-0.5-0.5-1.002-0.808-1.594-1.038c-0.572-0.222-1.227-0.375-2.185-0.418C14.751,3.01,14.444,3,12,3L12,3z M12,7.378 c-2.552,0-4.622,2.069-4.622,4.622S9.448,16.622,12,16.622s4.622-2.069,4.622-4.622S14.552,7.378,12,7.378z M12,15 c-1.657,0-3-1.343-3-3s1.343-3,3-3s3,1.343,3,3S13.657,15,12,15z M16.804,6.116c-0.596,0-1.08,0.484-1.08,1.08 s0.484,1.08,1.08,1.08c0.596,0,1.08-0.484,1.08-1.08S17.401,6.116,16.804,6.116z\"><\/path><\/svg><span class=\"wp-block-social-link-label screen-reader-text\">Instagram<\/span><\/a><\/li>\n\n<li style=\"color:#000000;\" class=\"wp-social-link wp-social-link-twitter has-black-color wp-block-social-link\"><a href=\"https:\/\/twitter.com\" class=\"wp-block-social-link-anchor\"><svg width=\"24\" height=\"24\" viewBox=\"0 0 24 24\" version=\"1.1\" xmlns=\"http:\/\/www.w3.org\/2000\/svg\" aria-hidden=\"true\" focusable=\"false\"><path d=\"M22.23,5.924c-0.736,0.326-1.527,0.547-2.357,0.646c0.847-0.508,1.498-1.312,1.804-2.27 c-0.793,0.47-1.671,0.812-2.606,0.996C18.324,4.498,17.257,4,16.077,4c-2.266,0-4.103,1.837-4.103,4.103 c0,0.322,0.036,0.635,0.106,0.935C8.67,8.867,5.647,7.234,3.623,4.751C3.27,5.357,3.067,6.062,3.067,6.814 c0,1.424,0.724,2.679,1.825,3.415c-0.673-0.021-1.305-0.206-1.859-0.513c0,0.017,0,0.034,0,0.052c0,1.988,1.414,3.647,3.292,4.023 c-0.344,0.094-0.707,0.144-1.081,0.144c-0.264,0-0.521-0.026-0.772-0.074c0.522,1.63,2.038,2.816,3.833,2.85 c-1.404,1.1-3.174,1.756-5.096,1.756c-0.331,0-0.658-0.019-0.979-0.057c1.816,1.164,3.973,1.843,6.29,1.843 c7.547,0,11.675-6.252,11.675-11.675c0-0.178-0.004-0.355-0.012-0.531C20.985,7.47,21.68,6.747,22.23,5.924z\"><\/path><\/svg><span class=\"wp-block-social-link-label screen-reader-text\">Twitter<\/span><\/a><\/li><\/ul>\n\n\n\n<div style=\"height:100px\" aria-hidden=\"true\" class=\"wp-block-spacer\"><\/div>\n<\/div>\n<\/div>\n<\/div>\n","protected":false},"excerpt":{"rendered":"<p>Contact us 1 Eyre Square, Galway, H91 ED70, Ireland Phone: +12345678900Email: example@example.com<\/p>\n","protected":false},"author":1,"featured_media":0,"parent":0,"menu_order":0,"comment_status":"closed","ping_status":"open","template":"","meta":{"footnotes":""},"class_list":["post-2","page","type-page","status-publish","hentry"],"yoast_head":"<!-- This site is optimized with the Yoast SEO plugin v27.1.1 - https:\/\/yoast.com\/product\/yoast-seo-wordpress\/ -->\n<title>- Jack J Foleys<\/title>\n<meta name=\"description\" content=\"Jack J Foleys is a classic Irish Pub in the heart of Galway. Nestled right on the edge of Eyre Square in the center of town, you can&#039;t miss us. Cozy up to the bar for a Guinness or any other drink your heart desires as live music and craic fills the air. Upstairs, our hotel has accommodations for guests to stay just minutes from all the greatest Galway has to offer.\" \/>\n<meta name=\"robots\" content=\"index, follow, max-snippet:-1, max-image-preview:large, max-video-preview:-1\" \/>\n<link rel=\"canonical\" href=\"https:\/\/jackjfoleys.com\/\" \/>\n<meta property=\"og:locale\" content=\"en_US\" \/>\n<meta property=\"og:type\" content=\"article\" \/>\n<meta property=\"og:title\" content=\"- Jack J Foleys\" \/>\n<meta property=\"og:description\" content=\"Jack J Foleys is a classic Irish Pub in the heart of Galway. Nestled right on the edge of Eyre Square in the center of town, you can&#039;t miss us. Cozy up to the bar for a Guinness or any other drink your heart desires as live music and craic fills the air. Upstairs, our hotel has accommodations for guests to stay just minutes from all the greatest Galway has to offer.\" \/>\n<meta property=\"og:url\" content=\"https:\/\/jackjfoleys.com\/\" \/>\n<meta property=\"og:site_name\" content=\"Jack J Foleys\" \/>\n<meta property=\"article:modified_time\" content=\"2026-01-11T06:28:11+00:00\" \/>\n<meta property=\"og:image\" content=\"http:\/\/jackjfoleys.com\/wp-content\/uploads\/2026\/01\/F670C6AB-AA62-46CF-AFC4-79D4713955B2-768x1024.jpeg\" \/>\n<meta name=\"twitter:card\" content=\"summary_large_image\" \/>\n<meta name=\"twitter:label1\" content=\"Est. reading time\" \/>\n\t<meta name=\"twitter:data1\" content=\"3 minutes\" \/>\n<script type=\"application\/ld+json\" class=\"yoast-schema-graph\">{\"@context\":\"https:\/\/schema.org\",\"@graph\":[{\"@type\":\"WebPage\",\"@id\":\"https:\/\/jackjfoleys.com\/\",\"url\":\"https:\/\/jackjfoleys.com\/\",\"name\":\"- Jack J Foleys\",\"isPartOf\":{\"@id\":\"https:\/\/jackjfoleys.com\/#website\"},\"primaryImageOfPage\":{\"@id\":\"https:\/\/jackjfoleys.com\/#primaryimage\"},\"image\":{\"@id\":\"https:\/\/jackjfoleys.com\/#primaryimage\"},\"thumbnailUrl\":\"http:\/\/jackjfoleys.com\/wp-content\/uploads\/2026\/01\/F670C6AB-AA62-46CF-AFC4-79D4713955B2-768x1024.jpeg\",\"datePublished\":\"2025-12-29T22:51:27+00:00\",\"dateModified\":\"2026-01-11T06:28:11+00:00\",\"description\":\"Jack J Foleys is a classic Irish Pub in the heart of Galway. Nestled right on the edge of Eyre Square in the center of town, you can't miss us. Cozy up to the bar for a Guinness or any other drink your heart desires as live music and craic fills the air. Upstairs, our hotel has accommodations for guests to stay just minutes from all the greatest Galway has to offer.\",\"inLanguage\":\"en-US\",\"potentialAction\":[{\"@type\":\"ReadAction\",\"target\":[\"https:\/\/jackjfoleys.com\/\"]}]},{\"@type\":\"ImageObject\",\"inLanguage\":\"en-US\",\"@id\":\"https:\/\/jackjfoleys.com\/#primaryimage\",\"url\":\"https:\/\/jackjfoleys.com\/wp-content\/uploads\/2026\/01\/F670C6AB-AA62-46CF-AFC4-79D4713955B2.jpeg\",\"contentUrl\":\"https:\/\/jackjfoleys.com\/wp-content\/uploads\/2026\/01\/F670C6AB-AA62-46CF-AFC4-79D4713955B2.jpeg\",\"width\":1200,\"height\":1600},{\"@type\":\"WebSite\",\"@id\":\"https:\/\/jackjfoleys.com\/#website\",\"url\":\"https:\/\/jackjfoleys.com\/\",\"name\":\"Jack J Foleys\",\"description\":\"Galways Premier Irish Pub and Boarding at the Heart of Eyre Square\",\"potentialAction\":[{\"@type\":\"SearchAction\",\"target\":{\"@type\":\"EntryPoint\",\"urlTemplate\":\"https:\/\/jackjfoleys.com\/?s={search_term_string}\"},\"query-input\":{\"@type\":\"PropertyValueSpecification\",\"valueRequired\":true,\"valueName\":\"search_term_string\"}}],\"inLanguage\":\"en-US\"}]}<\/script>\n<!-- \/ Yoast SEO plugin. -->","yoast_head_json":{"title":"- Jack J Foleys","description":"Jack J Foleys is a classic Irish Pub in the heart of Galway. Nestled right on the edge of Eyre Square in the center of town, you can't miss us. Cozy up to the bar for a Guinness or any other drink your heart desires as live music and craic fills the air. Upstairs, our hotel has accommodations for guests to stay just minutes from all the greatest Galway has to offer.","robots":{"index":"index","follow":"follow","max-snippet":"max-snippet:-1","max-image-preview":"max-image-preview:large","max-video-preview":"max-video-preview:-1"},"canonical":"https:\/\/jackjfoleys.com\/","og_locale":"en_US","og_type":"article","og_title":"- Jack J Foleys","og_description":"Jack J Foleys is a classic Irish Pub in the heart of Galway. Nestled right on the edge of Eyre Square in the center of town, you can't miss us. Cozy up to the bar for a Guinness or any other drink your heart desires as live music and craic fills the air. Upstairs, our hotel has accommodations for guests to stay just minutes from all the greatest Galway has to offer.","og_url":"https:\/\/jackjfoleys.com\/","og_site_name":"Jack J Foleys","article_modified_time":"2026-01-11T06:28:11+00:00","og_image":[{"url":"http:\/\/jackjfoleys.com\/wp-content\/uploads\/2026\/01\/F670C6AB-AA62-46CF-AFC4-79D4713955B2-768x1024.jpeg","type":"","width":"","height":""}],"twitter_card":"summary_large_image","twitter_misc":{"Est. reading time":"3 minutes"},"schema":{"@context":"https:\/\/schema.org","@graph":[{"@type":"WebPage","@id":"https:\/\/jackjfoleys.com\/","url":"https:\/\/jackjfoleys.com\/","name":"- Jack J Foleys","isPartOf":{"@id":"https:\/\/jackjfoleys.com\/#website"},"primaryImageOfPage":{"@id":"https:\/\/jackjfoleys.com\/#primaryimage"},"image":{"@id":"https:\/\/jackjfoleys.com\/#primaryimage"},"thumbnailUrl":"http:\/\/jackjfoleys.com\/wp-content\/uploads\/2026\/01\/F670C6AB-AA62-46CF-AFC4-79D4713955B2-768x1024.jpeg","datePublished":"2025-12-29T22:51:27+00:00","dateModified":"2026-01-11T06:28:11+00:00","description":"Jack J Foleys is a classic Irish Pub in the heart of Galway. Nestled right on the edge of Eyre Square in the center of town, you can't miss us. Cozy up to the bar for a Guinness or any other drink your heart desires as live music and craic fills the air. Upstairs, our hotel has accommodations for guests to stay just minutes from all the greatest Galway has to offer.","inLanguage":"en-US","potentialAction":[{"@type":"ReadAction","target":["https:\/\/jackjfoleys.com\/"]}]},{"@type":"ImageObject","inLanguage":"en-US","@id":"https:\/\/jackjfoleys.com\/#primaryimage","url":"https:\/\/jackjfoleys.com\/wp-content\/uploads\/2026\/01\/F670C6AB-AA62-46CF-AFC4-79D4713955B2.jpeg","contentUrl":"https:\/\/jackjfoleys.com\/wp-content\/uploads\/2026\/01\/F670C6AB-AA62-46CF-AFC4-79D4713955B2.jpeg","width":1200,"height":1600},{"@type":"WebSite","@id":"https:\/\/jackjfoleys.com\/#website","url":"https:\/\/jackjfoleys.com\/","name":"Jack J Foleys","description":"Galways Premier Irish Pub and Boarding at the Heart of Eyre Square","potentialAction":[{"@type":"SearchAction","target":{"@type":"EntryPoint","urlTemplate":"https:\/\/jackjfoleys.com\/?s={search_term_string}"},"query-input":{"@type":"PropertyValueSpecification","valueRequired":true,"valueName":"search_term_string"}}],"inLanguage":"en-US"}]}},"_links":{"self":[{"href":"https:\/\/jackjfoleys.com\/index.php?rest_route=\/wp\/v2\/pages\/2","targetHints":{"allow":["GET"]}}],"collection":[{"href":"https:\/\/jackjfoleys.com\/index.php?rest_route=\/wp\/v2\/pages"}],"about":[{"href":"https:\/\/jackjfoleys.com\/index.php?rest_route=\/wp\/v2\/types\/page"}],"author":[{"embeddable":true,"href":"https:\/\/jackjfoleys.com\/index.php?rest_route=\/wp\/v2\/users\/1"}],"replies":[{"embeddable":true,"href":"https:\/\/jackjfoleys.com\/index.php?rest_route=%2Fwp%2Fv2%2Fcomments&post=2"}],"version-history":[{"count":4,"href":"https:\/\/jackjfoleys.com\/index.php?rest_route=\/wp\/v2\/pages\/2\/revisions"}],"predecessor-version":[{"id":156,"href":"https:\/\/jackjfoleys.com\/index.php?rest_route=\/wp\/v2\/pages\/2\/revisions\/156"}],"wp:attachment":[{"href":"https:\/\/jackjfoleys.com\/index.php?rest_route=%2Fwp%2Fv2%2Fmedia&parent=2"}],"curies":[{"name":"wp","href":"https:\/\/api.w.org\/{rel}","templated":true}]}}